07 - g. Let l be (-1)/(-5) - 798/(-10). Calculate the greatest common factor of t and l.
5
Let a be 3*(8 + (-88)/12 - 1*-6). Suppose -6*w = -3*w - 15. What is the greatest common factor of a and w?
5
Let v(u) = 2*u**3 - 42*u**2 + 26*u - 7. Suppose 6*b - 21 = -z + 8*b, z = -b + 21. Let n be v(z). Calculate the greatest common factor of n and 154.
77
Let i(a) = -183*a - 2483. Let r be i(-14). What is the greatest common factor of r and 48427?
79
Let r(n) = 7*n + 729. Let t be r(0). Let s = 1071 - t. Calculate the greatest common divisor of 18 and s.
18
Suppose y - 427 = 34*w - 32*w, 2*y - 206 = w. Let t be (28*(-45)/w)/((-1)/(-6)). Calculate the highest common divisor of t and 175.
35
Suppose -3*b + 28603 = 5*u, -7*u - 3*b = -28659 - 11390. What is the greatest common divisor of 118 and u?
59
Suppose -4*a - 23 = 3*y, -4*a + 7 = -9. Let g = y + 37. Suppose -3*v + 39 + 69 = 0. Calculate the greatest common factor of v and g.
12
Let m(r) = -3*r**2 + 26*r - 15. Let u be m(7). Suppose -u*s + 15*s - 25 = 0, f + 2*s - 47 = 0. What is the greatest common factor of f and 228?
57
Suppose 3*f = -2*p - f + 86, -2*p + 2*f + 116 = 0. Let x = p + -90. Let o = x - -122. What is the highest common factor of 34 and o?
17
Let j(q) = 4*q - 50. Let s be j(0). Let o = -46 - s. Suppose -o*t + 46 = -5*i, 0 = 2*t + t + 2*i - 23. What is the highest common divisor of 3 and t?
3
Let c be -4 - -5 - (-1 + 2). Suppose -3*j + 4*q + 116 = c, -6*q + 205 = 5*j - q. Suppose -6*v + 390 = 7*v. Calculate the highest common factor of v and j.
10
Let w be ((-1107)/(-6) + -3)*(-4)/(-1). Let z = w - 681. What is the highest common factor of z and 105?
15
Let u be 62 - ((-126)/14 - -16). What is the highest common divisor of 6050 and u?
55
Suppose 73*s + 10 = 71*s, 0 = 3*m + s - 3838. Calculate the highest common factor of 183 and m.
183
Suppose 81 = k + 2*r, -k + 75 = 48*r - 49*r. What is the greatest common divisor of k and 2079?
77
Suppose 0 = -4*r + 8*r + 92. Let x = -14 - r. Suppose -k - x = -2*k. What is the highest common factor of k and 81?
9
Let m be (-52)/(-5) - 28/70. Let l be 325 + 4 + -1 - 0. Suppose -l = -8*p + 312. Calculate the greatest common factor of m and p.
10
Suppose 3*m = -4*b - 97, -5*m - 5*b + 61 = 226. Let a = 6 + m. Let x = a + 42. Calculate the highest common divisor of 143 and x.
13
Let v be (-5 + 2)/(1/(-11)). Suppose -58 - 40 = q - 3*t, -5*q + 4*t = 479. Let o = q + 128. Calculate the greatest common divisor of v and o.
33
Suppose -1 = 2*k - 7. Let c be (-3272)/(-24) + (k - (-20)/(-6)). What is the greatest common factor of c and 68?
68
Suppose 5*x - 2*a + 4*a - 134 = 0, 0 = -3*x + 2*a + 90. Suppose -x*l = -13 - 15. What is the greatest common factor of l and 43?
1
Suppose 3*z = 6, 3*z + 682 = 4*i - 9612. Calculate the greatest common divisor of i and 50.
25
Suppose 115 = -4*k - 2*i + 33, 0 = 2*k + 3*i + 35. Let q = 125 - k. What is the greatest common factor of 7 and q?
7
Let p(d) = -7*d**3 - 26*d**2 + 4*d - 14. Let i be p(-4). Calculate the highest common factor of i and 2856.
2
Suppose -691*v - v - 5464 = -24840. Let f be (3/(-6))/(1/(-1792)). Calculate the highest common divisor of v and f.
28
Let g be 34/28*-8*((-26 - -41) + -22). What is the greatest common factor of 176 and g?
4
Suppose 12 = 106*n - 110*n, -s = 5*n - 132. Calculate the greatest common factor of s and 539.
49
Suppose 315 = -4*o + 2*y + 427, -4*y + 26 = 2*o. Calculate the highest common factor of o and 245.
5
Let x(u) = -13*u + 87*u + 18*u + 1. Let h be x(2). Let i = h - 107. What is the greatest common divisor of 52 and i?
26
Let d(b) = b**3 - b**2 + b + 1. Let g be d(-3). Suppose 3*f = o - 218, 7*o = 5*f + 5*o + 362. Let k = g - f. Calculate the greatest common factor of 108 and k.
36
Suppose 5*n - 32983 = -4*s, -464*n + 3*s + 26436 = -460*n. What is the highest common factor of 93 and n?
93
Let a be ((-2)/4*7)/(36/(-72)). Let i be 7/(a/(-18))*156/(-52). What is the highest common divisor of i and 72?
18
Suppose f - 2086 = 5*s, 2*s + 3770 = -5*f + 14254. What is the highest common divisor of f and 72?
8
Let n = 6806 - 6666. Let b = 64 + -171. Let d = n + b. Calculate the greatest common divisor of d and 3.
3
Suppose 6*t - 436 = 3*t + 4*j, -5*t = -3*j - 723. Let s be (-5 - 21/(-5))*(-7 + 434/(-28)). What is the highest common divisor of s and t?
18
Let q(z) = 16*z - 2. Let g be q(1). Let k(p) = 6*p**2 + 11*p - 15. Let n be k(-9). Suppose -g*a = -17*a + n. What is the highest common factor of 31 and a?
31
Let g = -518 + 521. Suppose 0 = -g*z + 29*z - 1560. Let j = -21 + 36. What is the highest common divisor of z and j?
15
Let j = -6070 - -6350. Let l = 91 + 14. Calculate the greatest common divisor of l and j.
35
Let i be 9/6 - (-233)/2. Let f = i - 110. Let o be f/(-28) - 149/(-7). Calculate the greatest common factor of o and 105.
21
Let c = 20905 - 19533. What is the greatest common factor of c and 406?
14
Suppose -2*d - 8 = 0, 4*s - 55 = 5*d + 17. Let f be (-243)/(3/4*-2). Suppose -14*i = -s*i - f. Calculate the greatest common divisor of 18 and i.
18
Suppose -74*b - 39*b = -54709 - 166997. Calculate the greatest common divisor of 198 and b.
18
Let w(j) = 328*j - 1692. Let s be w(6). What is the greatest common divisor of s and 132?
12
Let b be 130*684/48 - (-3)/(-6). What is the highest common divisor of b and 20?
4
Let t = -4673 + 4820. Let r be ((-33)/(-12) - 1)*56. Calculate the highest common factor of t and r.
49
Let f = 4238 - 3373. Calculate the greatest common divisor of f and 15.
5
Let p be (-12)/(-32)*(-63472)/(-24) + 3/12. What is the highest common divisor of 64 and p?
32
Let p(m) = -2*m**3 + 68*m**2 + 34*m - 847. Let i be p(34). Calculate the highest common divisor of 6 and i.
3
Let z(r) = -766*r - 7944. Let q be z(-12). Calculate the highest common factor of q and 128.
32
Let o = -17041 - -17051. What is the greatest common factor of o and 10240?
10
Let b(s) = -s**3 - 6*s**2 + 11*s - 17. Let w be b(-8). Suppose w*f - 26*f = -12. Suppose -3*t + f = -35. What is the highest common factor of t and 65?
13
Let l be (-34)/255 + (-39)/45. Let f be (-30)/(-18) + l + (-2336)/(-6). What is the greatest common divisor of f and 156?
78
Let l = 63 - 104. Let w = l + 33. Let i be (0 + -24)*(-3 - 18/w). Calculate the highest common divisor of 6 and i.
6
Let p(i) = i + 22. Let a be p(0). Suppose 90*n + 231*n - 1284 = 0. Calculate the greatest common divisor of n and a.
2
Let n be (-288)/27*(7 - (-212)/(-8)). Calculate the greatest common divisor of 39 and n.
13
Suppose 3*y - 60 = -2*y. Let a be 20/(-120) + 2/y*1585. Let b be 171/(-6)*a/(-36). What is the greatest common divisor of 19 and b?
19
Let n = -103 - -289. Let k = n - 174. Calculate the greatest common factor of k and 90.
6
Suppose -4*c + 5*q = 3*q - 14, -4 = -2*c + 2*q. Let s be (-2 + 2)/(9/9) - -150. Let z be 8/(c/s*3). Calculate the greatest common factor of z and 16.
16
Suppose -2*t = -7*t + 60. Let l be (-1)/1*(-5 + -61 + -7). Suppose 2*n - 5*f - l = 224, 4*n = 2*f + 618. What is the highest common divisor of n and t?
12
Let x be (-6)/((-132)/(-110)) - (-12 + 1 + 1). What is the highest common factor of 48 and x?
1
Suppose 0 = -2*p - 4*n - 104, -2*p - 12*n = -11*n + 101. Let c be 252 + 11/(55/p). Suppose -33 - 55 = -4*g. What is the highest common divisor of g and c?
22
Suppose 0 = 3*v - 15, 11 = -o + 3*v - 1. Let f be -4 - (-1 + o - -99). Let m = -96 - f. What is the greatest common divisor of 9 and m?
9
Let h be (5 - 495/105)/(2/371). Calculate the highest common divisor of h and 1696.
53
Suppose 39*f = 44*f - 105. Suppose -17*b + 20*b - f = 0. Let s = 720 - 671. Calculate the greatest common divisor of s and b.
7
Suppose 1706425 + 2044675 = 204*k - 277900. What is the highest common factor of 158 and k?
158
Let u(t) = 91*t**2 + 22*t - 25. Let d be u(1). What is the greatest common factor of 2332 and d?
44
Let a(d) = 710*d + 1083. Let h be a(5). Calculate the highest common factor of 339 and h.
113
Suppose 0*f + 125 = 5*f. Let n = 23 - f. Let m be 258/4 + n/4. What is the highest common divisor of m and 160?
32
Let n be (-3 + 21/9)/((-3)/99). Calculate the highest common factor of 198 and n.
22
Let k(y) = -y**2 - 6*y - 1. Let g be k(-5). Suppose -3*h = 5*u - 286 + 69, -2*h - 178 = -4*u. Let c = -40 + u. Calculat